{"id":490,"date":"2019-09-05T19:39:38","date_gmt":"2019-09-05T17:39:38","guid":{"rendered":"http:\/\/www.videoworx.at\/?page_id=490"},"modified":"2023-01-05T13:34:30","modified_gmt":"2023-01-05T12:34:30","slug":"mobiler-hintergrund-green-bluebox","status":"publish","type":"page","link":"https:\/\/www.videoworx.at\/?page_id=490","title":{"rendered":"Mobiler Hintergrund &#038; Green\/Bluebox"},"content":{"rendered":"\n<p>__________________________________________________________________________________________<\/p>\n\n\n\n<p><strong>Mobiler Hintergrund :<\/strong><\/p>\n\n\n\n<p>Farbe: Wei\u00df oder Schwarz<\/p>\n\n\n\n<p>Gr\u00f6\u00dfe: 3 Meter x 6 Meter<\/p>\n\n\n\n<figure class=\"wp-block-image\"><a href=\"http:\/\/www.videoworx.at\/wp-content\/uploads\/2014\/02\/41wgxlvw4AL._SL1000_.jpg\"><img loading=\"lazy\" decoding=\"async\" width=\"320\" height=\"320\" src=\"http:\/\/www.videoworx.at\/wp-content\/uploads\/2014\/02\/41wgxlvw4AL._SL1000_-320x320.jpg\" alt=\"41wgxlvw4AL._SL1000_\" class=\"wp-image-261\" srcset=\"https:\/\/www.videoworx.at\/wp-content\/uploads\/2014\/02\/41wgxlvw4AL._SL1000_-320x320.jpg 320w, https:\/\/www.videoworx.at\/wp-content\/uploads\/2014\/02\/41wgxlvw4AL._SL1000_-150x150.jpg 150w, https:\/\/www.videoworx.at\/wp-content\/uploads\/2014\/02\/41wgxlvw4AL._SL1000_-50x50.jpg 50w, https:\/\/www.videoworx.at\/wp-content\/uploads\/2014\/02\/41wgxlvw4AL._SL1000_-540x540.jpg 540w, https:\/\/www.videoworx.at\/wp-content\/uploads\/2014\/02\/41wgxlvw4AL._SL1000_.jpg 1000w\" sizes=\"(max-width: 320px) 100vw, 320px\" \/><\/a><\/figure>\n\n\n\n<p>Verleih pro Tag \u20ac 70,00 +&nbsp;Mwst.<\/p>\n\n\n\n<p>__________________________________________________________________________________________<\/p>\n\n\n\n<p><strong>GreenBox 1:<\/strong><\/p>\n\n\n\n<p>Mobile Greenbox &amp; Bluebox mit 2 T\u00fcchern 3&#215;6 Meter.<\/p>\n\n\n\n<p>inkl. Befestigungsmaterial<\/p>\n\n\n\n<figure class=\"wp-block-image size-large\"><img loading=\"lazy\" decoding=\"async\" width=\"1024\" height=\"768\" src=\"http:\/\/www.videoworx.at\/wp-content\/uploads\/2021\/01\/0e656a81-d622-4633-bb54-0b09d83bf20b.jpg\" alt=\"\" class=\"wp-image-584\" srcset=\"https:\/\/www.videoworx.at\/wp-content\/uploads\/2021\/01\/0e656a81-d622-4633-bb54-0b09d83bf20b.jpg 1024w, https:\/\/www.videoworx.at\/wp-content\/uploads\/2021\/01\/0e656a81-d622-4633-bb54-0b09d83bf20b-320x240.jpg 320w, https:\/\/www.videoworx.at\/wp-content\/uploads\/2021\/01\/0e656a81-d622-4633-bb54-0b09d83bf20b-768x576.jpg 768w, https:\/\/www.videoworx.at\/wp-content\/uploads\/2021\/01\/0e656a81-d622-4633-bb54-0b09d83bf20b-540x405.jpg 540w\" sizes=\"(max-width: 1024px) 100vw, 1024px\" \/><\/figure>\n\n\n\n<figure class=\"wp-block-image size-large\"><img loading=\"lazy\" decoding=\"async\" width=\"1024\" height=\"768\" src=\"http:\/\/www.videoworx.at\/wp-content\/uploads\/2021\/01\/8aee7b23-12a8-4100-8ae9-6bba4c09df8c.jpg\" alt=\"\" class=\"wp-image-585\" srcset=\"https:\/\/www.videoworx.at\/wp-content\/uploads\/2021\/01\/8aee7b23-12a8-4100-8ae9-6bba4c09df8c.jpg 1024w, https:\/\/www.videoworx.at\/wp-content\/uploads\/2021\/01\/8aee7b23-12a8-4100-8ae9-6bba4c09df8c-320x240.jpg 320w, https:\/\/www.videoworx.at\/wp-content\/uploads\/2021\/01\/8aee7b23-12a8-4100-8ae9-6bba4c09df8c-768x576.jpg 768w, https:\/\/www.videoworx.at\/wp-content\/uploads\/2021\/01\/8aee7b23-12a8-4100-8ae9-6bba4c09df8c-540x405.jpg 540w\" sizes=\"(max-width: 1024px) 100vw, 1024px\" \/><\/figure>\n\n\n\n<p>Verleih pro Tag \u20ac 70,00 +&nbsp;Mwst.<\/p>\n\n\n\n<p>__________________________________________________________________________________________<\/p>\n\n\n\n<p><strong>GreenBox 2:<\/strong><\/p>\n\n\n\n<p>Lastolite von Manfrotto LL<\/p>\n\n\n\n<p>4&nbsp;m Panorama Hintergrund Cover&nbsp;Chromakey Gr\u00fcn<\/p>\n\n\n\n<figure class=\"wp-block-image size-large\"><img loading=\"lazy\" decoding=\"async\" width=\"1024\" height=\"664\" src=\"http:\/\/www.videoworx.at\/wp-content\/uploads\/2021\/01\/Bildschirmfoto-2021-01-19-um-14.41.52-1024x664.png\" alt=\"\" class=\"wp-image-582\" srcset=\"https:\/\/www.videoworx.at\/wp-content\/uploads\/2021\/01\/Bildschirmfoto-2021-01-19-um-14.41.52-1024x664.png 1024w, https:\/\/www.videoworx.at\/wp-content\/uploads\/2021\/01\/Bildschirmfoto-2021-01-19-um-14.41.52-320x208.png 320w, https:\/\/www.videoworx.at\/wp-content\/uploads\/2021\/01\/Bildschirmfoto-2021-01-19-um-14.41.52-768x498.png 768w, https:\/\/www.videoworx.at\/wp-content\/uploads\/2021\/01\/Bildschirmfoto-2021-01-19-um-14.41.52-1536x996.png 1536w, https:\/\/www.videoworx.at\/wp-content\/uploads\/2021\/01\/Bildschirmfoto-2021-01-19-um-14.41.52-2048x1328.png 2048w, https:\/\/www.videoworx.at\/wp-content\/uploads\/2021\/01\/Bildschirmfoto-2021-01-19-um-14.41.52-540x350.png 540w\" sizes=\"(max-width: 1024px) 100vw, 1024px\" \/><\/figure>\n\n\n\n<p>Verleih pro Tag \u20ac 80,00 +&nbsp;Mwst.<\/p>\n\n\n\n<p>__________________________________________________________________________________________<\/p>\n\n\n\n<p><br><\/p>\n","protected":false},"excerpt":{"rendered":"<p>__________________________________________________________________________________________ Mobiler Hintergrund : Farbe: Wei\u00df oder Schwarz Gr\u00f6\u00dfe: 3 Meter x 6 Meter Verleih pro Tag \u20ac 70,00 +&nbsp;Mwst. __________________________________________________________________________________________ GreenBox 1: Mobile Greenbox &amp; Bluebox mit 2 T\u00fcchern 3&#215;6 Meter. inkl. Befestigungsmaterial Verleih pro Tag \u20ac 70,00 +&nbsp;Mwst. __________________________________________________________________________________________ GreenBox 2: Lastolite von Manfrotto LL 4&nbsp;m Panorama Hintergrund Cover&nbsp;Chromakey Gr\u00fcn Verleih pro Tag [&hellip;]<\/p>\n","protected":false},"author":1,"featured_media":0,"parent":146,"menu_order":6,"comment_status":"closed","ping_status":"closed","template":"","meta":{"footnotes":""},"class_list":["post-490","page","type-page","status-publish","hentry"],"yoast_head":"<!-- This site is optimized with the Yoast SEO plugin v24.7 - https:\/\/yoast.com\/wordpress\/plugins\/seo\/ -->\n<title>Mobiler Hintergrund &amp; Green\/Bluebox -<\/title>\n<meta name=\"robots\" content=\"index, follow, max-snippet:-1, max-image-preview:large, max-video-preview:-1\" \/>\n<link rel=\"canonical\" href=\"http:\/\/www.videoworx.at\/?page_id=490\" \/>\n<meta property=\"og:locale\" content=\"de_DE\" \/>\n<meta property=\"og:type\" content=\"article\" \/>\n<meta property=\"og:title\" content=\"Mobiler Hintergrund &amp; Green\/Bluebox -\" \/>\n<meta property=\"og:description\" content=\"__________________________________________________________________________________________ Mobiler Hintergrund : Farbe: Wei\u00df oder Schwarz Gr\u00f6\u00dfe: 3 Meter x 6 Meter Verleih pro Tag \u20ac 70,00 +&nbsp;Mwst. __________________________________________________________________________________________ GreenBox 1: Mobile Greenbox &amp; Bluebox mit 2 T\u00fcchern 3&#215;6 Meter. inkl. Befestigungsmaterial Verleih pro Tag \u20ac 70,00 +&nbsp;Mwst. __________________________________________________________________________________________ GreenBox 2: Lastolite von Manfrotto LL 4&nbsp;m Panorama Hintergrund Cover&nbsp;Chromakey Gr\u00fcn Verleih pro Tag [&hellip;]\" \/>\n<meta property=\"og:url\" content=\"http:\/\/www.videoworx.at\/?page_id=490\" \/>\n<meta property=\"article:modified_time\" content=\"2023-01-05T12:34:30+00:00\" \/>\n<meta property=\"og:image\" content=\"http:\/\/www.videoworx.at\/wp-content\/uploads\/2014\/02\/41wgxlvw4AL._SL1000_-320x320.jpg\" \/>\n<meta name=\"twitter:card\" content=\"summary_large_image\" \/>\n<script type=\"application\/ld+json\" class=\"yoast-schema-graph\">{\"@context\":\"https:\/\/schema.org\",\"@graph\":[{\"@type\":\"WebPage\",\"@id\":\"http:\/\/www.videoworx.at\/?page_id=490\",\"url\":\"http:\/\/www.videoworx.at\/?page_id=490\",\"name\":\"Mobiler Hintergrund & Green\/Bluebox -\",\"isPartOf\":{\"@id\":\"http:\/\/www.videoworx.at\/#website\"},\"primaryImageOfPage\":{\"@id\":\"http:\/\/www.videoworx.at\/?page_id=490#primaryimage\"},\"image\":{\"@id\":\"http:\/\/www.videoworx.at\/?page_id=490#primaryimage\"},\"thumbnailUrl\":\"http:\/\/www.videoworx.at\/wp-content\/uploads\/2014\/02\/41wgxlvw4AL._SL1000_-320x320.jpg\",\"datePublished\":\"2019-09-05T17:39:38+00:00\",\"dateModified\":\"2023-01-05T12:34:30+00:00\",\"breadcrumb\":{\"@id\":\"http:\/\/www.videoworx.at\/?page_id=490#breadcrumb\"},\"inLanguage\":\"de\",\"potentialAction\":[{\"@type\":\"ReadAction\",\"target\":[\"http:\/\/www.videoworx.at\/?page_id=490\"]}]},{\"@type\":\"ImageObject\",\"inLanguage\":\"de\",\"@id\":\"http:\/\/www.videoworx.at\/?page_id=490#primaryimage\",\"url\":\"https:\/\/www.videoworx.at\/wp-content\/uploads\/2014\/02\/41wgxlvw4AL._SL1000_.jpg\",\"contentUrl\":\"https:\/\/www.videoworx.at\/wp-content\/uploads\/2014\/02\/41wgxlvw4AL._SL1000_.jpg\",\"width\":1000,\"height\":1000},{\"@type\":\"BreadcrumbList\",\"@id\":\"http:\/\/www.videoworx.at\/?page_id=490#breadcrumb\",\"itemListElement\":[{\"@type\":\"ListItem\",\"position\":1,\"name\":\"Startseite\",\"item\":\"http:\/\/www.videoworx.at\/\"},{\"@type\":\"ListItem\",\"position\":2,\"name\":\"Equipmentverleih\",\"item\":\"https:\/\/www.videoworx.at\/?page_id=146\"},{\"@type\":\"ListItem\",\"position\":3,\"name\":\"Mobiler Hintergrund &#038; Green\/Bluebox\"}]},{\"@type\":\"WebSite\",\"@id\":\"http:\/\/www.videoworx.at\/#website\",\"url\":\"http:\/\/www.videoworx.at\/\",\"name\":\"\",\"description\":\"\",\"publisher\":{\"@id\":\"http:\/\/www.videoworx.at\/#organization\"},\"potentialAction\":[{\"@type\":\"SearchAction\",\"target\":{\"@type\":\"EntryPoint\",\"urlTemplate\":\"http:\/\/www.videoworx.at\/?s={search_term_string}\"},\"query-input\":{\"@type\":\"PropertyValueSpecification\",\"valueRequired\":true,\"valueName\":\"search_term_string\"}}],\"inLanguage\":\"de\"},{\"@type\":\"Organization\",\"@id\":\"http:\/\/www.videoworx.at\/#organization\",\"name\":\"\",\"url\":\"http:\/\/www.videoworx.at\/\",\"logo\":{\"@type\":\"ImageObject\",\"inLanguage\":\"de\",\"@id\":\"http:\/\/www.videoworx.at\/#\/schema\/logo\/image\/\",\"url\":\"https:\/\/www.videoworx.at\/wp-content\/uploads\/2022\/12\/cropped-VideoWorks-klein.png\",\"contentUrl\":\"https:\/\/www.videoworx.at\/wp-content\/uploads\/2022\/12\/cropped-VideoWorks-klein.png\",\"width\":2167,\"height\":350,\"caption\":\" \"},\"image\":{\"@id\":\"http:\/\/www.videoworx.at\/#\/schema\/logo\/image\/\"}}]}<\/script>\n<!-- \/ Yoast SEO plugin. -->","yoast_head_json":{"title":"Mobiler Hintergrund & Green\/Bluebox -","robots":{"index":"index","follow":"follow","max-snippet":"max-snippet:-1","max-image-preview":"max-image-preview:large","max-video-preview":"max-video-preview:-1"},"canonical":"http:\/\/www.videoworx.at\/?page_id=490","og_locale":"de_DE","og_type":"article","og_title":"Mobiler Hintergrund & Green\/Bluebox -","og_description":"__________________________________________________________________________________________ Mobiler Hintergrund : Farbe: Wei\u00df oder Schwarz Gr\u00f6\u00dfe: 3 Meter x 6 Meter Verleih pro Tag \u20ac 70,00 +&nbsp;Mwst. __________________________________________________________________________________________ GreenBox 1: Mobile Greenbox &amp; Bluebox mit 2 T\u00fcchern 3&#215;6 Meter. inkl. Befestigungsmaterial Verleih pro Tag \u20ac 70,00 +&nbsp;Mwst. __________________________________________________________________________________________ GreenBox 2: Lastolite von Manfrotto LL 4&nbsp;m Panorama Hintergrund Cover&nbsp;Chromakey Gr\u00fcn Verleih pro Tag [&hellip;]","og_url":"http:\/\/www.videoworx.at\/?page_id=490","article_modified_time":"2023-01-05T12:34:30+00:00","og_image":[{"url":"http:\/\/www.videoworx.at\/wp-content\/uploads\/2014\/02\/41wgxlvw4AL._SL1000_-320x320.jpg","type":"","width":"","height":""}],"twitter_card":"summary_large_image","schema":{"@context":"https:\/\/schema.org","@graph":[{"@type":"WebPage","@id":"http:\/\/www.videoworx.at\/?page_id=490","url":"http:\/\/www.videoworx.at\/?page_id=490","name":"Mobiler Hintergrund & Green\/Bluebox -","isPartOf":{"@id":"http:\/\/www.videoworx.at\/#website"},"primaryImageOfPage":{"@id":"http:\/\/www.videoworx.at\/?page_id=490#primaryimage"},"image":{"@id":"http:\/\/www.videoworx.at\/?page_id=490#primaryimage"},"thumbnailUrl":"http:\/\/www.videoworx.at\/wp-content\/uploads\/2014\/02\/41wgxlvw4AL._SL1000_-320x320.jpg","datePublished":"2019-09-05T17:39:38+00:00","dateModified":"2023-01-05T12:34:30+00:00","breadcrumb":{"@id":"http:\/\/www.videoworx.at\/?page_id=490#breadcrumb"},"inLanguage":"de","potentialAction":[{"@type":"ReadAction","target":["http:\/\/www.videoworx.at\/?page_id=490"]}]},{"@type":"ImageObject","inLanguage":"de","@id":"http:\/\/www.videoworx.at\/?page_id=490#primaryimage","url":"https:\/\/www.videoworx.at\/wp-content\/uploads\/2014\/02\/41wgxlvw4AL._SL1000_.jpg","contentUrl":"https:\/\/www.videoworx.at\/wp-content\/uploads\/2014\/02\/41wgxlvw4AL._SL1000_.jpg","width":1000,"height":1000},{"@type":"BreadcrumbList","@id":"http:\/\/www.videoworx.at\/?page_id=490#breadcrumb","itemListElement":[{"@type":"ListItem","position":1,"name":"Startseite","item":"http:\/\/www.videoworx.at\/"},{"@type":"ListItem","position":2,"name":"Equipmentverleih","item":"https:\/\/www.videoworx.at\/?page_id=146"},{"@type":"ListItem","position":3,"name":"Mobiler Hintergrund &#038; Green\/Bluebox"}]},{"@type":"WebSite","@id":"http:\/\/www.videoworx.at\/#website","url":"http:\/\/www.videoworx.at\/","name":"","description":"","publisher":{"@id":"http:\/\/www.videoworx.at\/#organization"},"potentialAction":[{"@type":"SearchAction","target":{"@type":"EntryPoint","urlTemplate":"http:\/\/www.videoworx.at\/?s={search_term_string}"},"query-input":{"@type":"PropertyValueSpecification","valueRequired":true,"valueName":"search_term_string"}}],"inLanguage":"de"},{"@type":"Organization","@id":"http:\/\/www.videoworx.at\/#organization","name":"","url":"http:\/\/www.videoworx.at\/","logo":{"@type":"ImageObject","inLanguage":"de","@id":"http:\/\/www.videoworx.at\/#\/schema\/logo\/image\/","url":"https:\/\/www.videoworx.at\/wp-content\/uploads\/2022\/12\/cropped-VideoWorks-klein.png","contentUrl":"https:\/\/www.videoworx.at\/wp-content\/uploads\/2022\/12\/cropped-VideoWorks-klein.png","width":2167,"height":350,"caption":" "},"image":{"@id":"http:\/\/www.videoworx.at\/#\/schema\/logo\/image\/"}}]}},"jetpack_sharing_enabled":true,"_links":{"self":[{"href":"https:\/\/www.videoworx.at\/index.php?rest_route=\/wp\/v2\/pages\/490"}],"collection":[{"href":"https:\/\/www.videoworx.at\/index.php?rest_route=\/wp\/v2\/pages"}],"about":[{"href":"https:\/\/www.videoworx.at\/index.php?rest_route=\/wp\/v2\/types\/page"}],"author":[{"embeddable":true,"href":"https:\/\/www.videoworx.at\/index.php?rest_route=\/wp\/v2\/users\/1"}],"replies":[{"embeddable":true,"href":"https:\/\/www.videoworx.at\/index.php?rest_route=%2Fwp%2Fv2%2Fcomments&post=490"}],"version-history":[{"count":4,"href":"https:\/\/www.videoworx.at\/index.php?rest_route=\/wp\/v2\/pages\/490\/revisions"}],"predecessor-version":[{"id":950,"href":"https:\/\/www.videoworx.at\/index.php?rest_route=\/wp\/v2\/pages\/490\/revisions\/950"}],"up":[{"embeddable":true,"href":"https:\/\/www.videoworx.at\/index.php?rest_route=\/wp\/v2\/pages\/146"}],"wp:attachment":[{"href":"https:\/\/www.videoworx.at\/index.php?rest_route=%2Fwp%2Fv2%2Fmedia&parent=490"}],"curies":[{"name":"wp","href":"https:\/\/api.w.org\/{rel}","templated":true}]}}